*g - 3*l = -200. Let n be (6/(-5))/((-3)/(-10)) - 0. Calculate the remainder when g is divided by (-1 - -19)*((-16)/6)/n.
11
Let d(h) = 5*h + 11*h + 5 - 18*h. What is the remainder when 37 is divided by d(-7)?
18
Let w(m) = -5*m - 1 - 3*m + 4*m - 2*m. Let s be w(-1). Suppose 0 = 6*r - s*r - 6. Calculate the remainder when 11 is divided by r.
5
Suppose 677 = 9*t + 83. Calculate the remainder when 196 is divided by t.
64
Let z(t) = 8*t + 120. What is the remainder when z(-8) is divided by 33?
23
Suppose -2*l + 10 = -u - 3*l, -l - 34 = 5*u. Let z = 2 - u. Calculate the remainder when 37 is divided by z.
5
Suppose -97 = -3*k + 4*h, k + 3*h - 11 = -h. Calculate the remainder when 1466/14 - 4/(-14) is divided by k.
24
Suppose -3*k - 8 = -4*x + 18, x - 2*k - 4 = 0. Calculate the remainder when 1 is divided by (-18)/(-16) + (-1)/x.
0
Suppose -9 + 6 = g, 729 = 3*f + 4*g. What is the remainder when f is divided by 50?
47
Suppose -38 - 46 = -4*y. Suppose -73*s = -69*s + 56. Let q = s + y. Calculate the remainder when q is divided by 3.
1
Let x(b) = 8*b - 101. Calculate the remainder when 7 is divided by x(13).
1
Let r = 2 - -7. What is the remainder when 5*(2 - 3)*84/(-10) is divided by r?
6
Let v(w) = -3*w + 1. Let j be (-3)/(-2) + 6/(-4). Let z be v(j). Calculate the remainder when z + (3/3 - -13) is divided by 4.
3
Let q(a) = -3*a - 42. Let x be q(-14). What is the remainder when 61 is divided by 2*-2 - ((x - 19) + 2)?
9
Let r(p) = -p**2 + p + 5. Let a be r(4). Let c be a/(21/(-6))*1. Suppose -3*h - c*h = -195. Calculate the remainder when h is divided by 10.
9
Suppose 5*b + 12 = 32. Suppose -b*n - 40 = -3*q, -4*q = -2*n - 2*n - 48. Suppose 0 = -3*j + q*j - 35. What is the remainder when 18 is divided by j?
4
Suppose 7*r - 871 = -6*r. Let y = 81 - r. What is the remainder when 49 is divided by y?
7
Let t(l) = 2*l**3 - 3*l**2 - 2*l - 2. Let u be t(3). Calculate the remainder when 2/u + (-2162)/(-38) + -2 is divided by 20.
15
Suppose 5*m - 132 = -3*a, -4*m + 4*a = 26 - 106. Calculate the remainder when m is divided by 7.
3
Let o(y) = y**3 - 4*y**2 + 6*y - 7. Calculate the remainder when (12/(-42) - (-6660)/35)*(-1)/(-1) is divided by o(5).
46
Suppose 3*v - 13 = 4*a + 1, 2 = 4*a + 5*v. Let c be (a/(-8))/((-2)/(-88)). Let r = c + -6. What is the remainder when r is divided by 3?
2
Let o(g) = -2*g**3 - 4*g**2 + 6*g - 3. Suppose -11 = 2*i - 3. Let z = 11 - -2. Calculate the remainder when o(i) is divided by z.
11
Suppose 3*t - 5*p - 19 = 0, 25 - 5 = 4*t - 4*p. Suppose -4*q + t*q = -38. Calculate the remainder when q is divided by 10.
8
Calculate the remainder when 89 is divided by (24/10 + -1)*(8 + 2).
5
Suppose -2*t + 342 = -2*c, -5*t + 805 = 162*c - 157*c. What is the remainder when 648 is divided by t?
150
Let v(w) = w**3 + 7*w**2 + 4*w + 3. Suppose -4*o = 3*n + 30, 21 = -5*n + n + o. Calculate the remainder when v(n) is divided by 4.
3
Suppose 34 = d - 3. Suppose -b = -2*b + d. Calculate the remainder when b is divided by 10.
7
Suppose 0 = -2*p - 3*p + 30. Let d = -86 - -109. What is the remainder when d is divided by p?
5
Let q be 90/(-21)*(-7)/1. Suppose -q = -2*u - 2*r, r = 5*r - 20. Suppose 0*v - v + u = 0. What is the remainder when v is divided by 3?
1
Let h(v) = v**2 + 6*v + 8. Suppose -3*l - 33 = 3*y, -26 = 2*y - l + 4*l. Let t = y + 28. What is the remainder when t is divided by h(-6)?
5
Let k be (-5 - -2) + -12 + 16. Calculate the remainder when 27 + -1 + 0 + k + -1 is divided by 6.
2
Suppose 4*r + 4*u = -80, 3*r + 68 = -4*u + 6. Let z(v) = -7*v - 42. Calculate the remainder when z(r) is divided by 44.
40
Let i(q) = -11*q**2 - 6 + 6*q**2 - 2*q**3 + 3*q**3 + 6*q. Let w be i(4). Suppose -z - w*z = -93. What is the remainder when z is divided by 17?
14
Suppose -544 = 7*y + 289. Let c = -64 - y. What is the remainder when c is divided by 21?
13
Calculate the remainder when 43 is divided by (35/(-21))/((-2)/6).
3
Suppose 4*z + 5*d - 818 = 0, -d + 617 = 3*z + d. What is the remainder when z is divided by 35?
32
Suppose 3*l + 23 = 3*j - 376, 5*j = 3*l + 665. Calculate the remainder when 535 is divided by j.
3
Suppose 28*q - 1342 = -2*w + 30*q, 0 = q - 4. What is the remainder when w is divided by 113?
110
Let w(b) = b**2 - 73*b + 292. Calculate the remainder when 606 is divided by w(4).
14
Calculate the remainder when (126 - 130)/(2/(-50)) is divided by 41.
18
Let h(f) = 77*f - 520. What is the remainder when 453 is divided by h(7)?
16
Let u be (-40)/8*(-3 - -2). Suppose 3*m = m + 5*g + 31, 0 = 5*g + u. Calculate the remainder when 33 is divided by m.
7
Let z(t) = 2*t**2 - 9*t + 1. Suppose 6 - 2 = 2*h. Calculate the remainder when z(5) is divided by h.
0
Suppose -479 - 104 = -11*f. What is the remainder when 204 is divided by f?
45
Let u(m) = -m**2 - 8*m + 10. Suppose 609*l - 611*l + 164 = 0. What is the remainder when l is divided by u(-7)?
14
Suppose -l = -1 - 14. Let k = l - 15. Suppose 0 = 5*z + 5*g - 50, -2*z + k*z = -4*g - 32. What is the remainder when 34 is divided by z?
10
Let a = 66 + -64. Suppose 0 = 3*v + 2*h - 251, -a*v - 5*h + 158 = 9. Calculate the remainder when v is divided by 18.
15
Suppose 20*f - 476 - 84 = 0. What is the remainder when 221 is divided by f?
25
Calculate the remainder when (6/(-4))/(84/(-1960)) is divided by 19.
16
Let t = 3 + -4. Let o = 20 - t. Let l = 9 - 3. What is the remainder when o is divided by l?
3
Suppose -3*a + 15 = 0, k = -5*a + 112 + 58. Calculate the remainder when k is divided by 77.
68
Let r(d) = d**3 + 47*d**2 - 66*d - 817. Calculate the remainder when 74 is divided by r(-48).
27
Suppose 0 = -0*v + 11*v - 946. Let l = 99 - v. What is the remainder when 90 is divided by l?
12
Let x(n) = -n**3 + 10*n**2 - 7*n - 12. Let p be (-5)/(10/(-4)) - -2. Suppose 3*u + 11 = p*u. Calculate the remainder when u is divided by x(9).
5
Let w = -7 + 10. Let r = 93 + -52. Let p = 51 - r. What is the remainder when p is divided by w?
1
Let m be (3 + -4 + 0)*(-2 + 3). What is the remainder when m/(-2)*((0 - -3) + 55) is divided by 15?
14
Let o(w) = w**3 + 15*w**2 + 2. Let l be o(-15). What is the remainder when 53 is divided by 2 + (l - 10)/(4/(-10))?
9
Suppose 7 = 4*d - 113. Suppose 11 - d = -i. What is the remainder when 93 is divided by i?
17
Suppose 178*p = 179*p - 356. What is the remainder when p is divided by 51?
50
Suppose -3*i + 48 = -3*c, -c - 38 = -3*i - 3*c. Let h = 17 - i. Suppose -2*t - 5 - 5 = 0, -4*t - 52 = -4*j. Calculate the remainder when j is divided by h.
2
Suppose 0 = 2*d - 225 - 11. Let t = 19 - -11. What is the remainder when d is divided by t?
28
Let c = -1103 + 1151. Calculate the remainder when 2302 is divided by c.
46
Let a = -8 + 0. Let y(k) = 2*k**2 + 9*k - 3. Let r = 64 + -50. Calculate the remainder when y(a) is divided by r.
11
Let c(g) = g**3 - 3*g**2 - g + 2. Let v be c(3). Let b(m) = -48*m**3 + m + 2. What is the remainder when b(v) is divided by 26/6*3/1?
10
Let s(v) be the third derivative of -v**4/12 + v**3/6 - 6*v**2. Let r be s(-2). Suppose -15 - 5 = -r*j. Calculate the remainder when 14 is divided by j.
2
Let m = 361 + -315. Calculate the remainder when m is divided by 5.
1
Let m(p) = -p + 12. Let c(k) = k**2 - 8*k + 10. Let f be c(10). Suppose -4*g = -5*q - f, 5*g - 3*q - 10 = 34. What is the remainder when 7 is divided by m(g)?
1
Let m(v) = 23*v**2 + v + 1. Let i = 18 + -11. Let k = i + -8. Calculate the remainder when 66 is divided by m(k).
20
Let l(z) = 4*z**2 + 7*z + 4. Suppose -6*m - 17 = 7. What is the remainder when l(m) is divided by 21?
19
Let n = 222 - 128. Calculate the remainder when (-1 - 0) + n/(6 + -4) is divided by 12.
10
Suppose 0 = j - 5*m - 14, 44 + 146 = 5*j - m. Calculate the remainder when 111 is divided by j.
33
Let z = 2 + 0. Let d = -2236 + 2247. Calculate the remainder when d is divided by z.
1
Let l(i) = 5*i**2 + 8 + 7*i**2 - i**3 + 9*i**2 - 38*i**2 + 18*i. Calculate the remainder when 23 is divided by l(-18).
7
Suppose -4*o - o = -85. Suppose 4 = 2*h + 5*x - 1, x = 2*h - 23. What is the remainder when o is divided by h?
7
Suppose 5 = 3*o - 2*o. Suppose -o*n = -2*n. Suppose n = -3*z - 5 + 8. Calculate the remainder when z is divided by 1.
0
Let w = 16 - 7. What is the remainder when (-2710)/(-82) + (-812)/16646 is divided by w?
6
Suppose -36 = -2